{"id":3652,"date":"2024-10-03T10:30:33","date_gmt":"2024-10-03T08:30:33","guid":{"rendered":"https:\/\/www.forumelektromobilita.cz\/?post_type=speaker&#038;p=3652"},"modified":"2024-09-26T11:44:11","modified_gmt":"2024-09-26T09:44:11","slug":"katerina-razlova","status":"publish","type":"speaker","link":"https:\/\/www.forumelektromobilita.cz\/en\/speaker\/katerina-razlova\/","title":{"rendered":"Kate\u0159ina R\u00e1zlov\u00e1"},"template":"","tags":[],"class_list":["post-3652","speaker","type-speaker","status-publish","hentry"],"_links":{"self":[{"href":"https:\/\/www.forumelektromobilita.cz\/en\/wp-json\/wp\/v2\/speaker\/3652","targetHints":{"allow":["GET"]}}],"collection":[{"href":"https:\/\/www.forumelektromobilita.cz\/en\/wp-json\/wp\/v2\/speaker"}],"about":[{"href":"https:\/\/www.forumelektromobilita.cz\/en\/wp-json\/wp\/v2\/types\/speaker"}],"version-history":[{"count":0,"href":"https:\/\/www.forumelektromobilita.cz\/en\/wp-json\/wp\/v2\/speaker\/3652\/revisions"}],"wp:attachment":[{"href":"https:\/\/www.forumelektromobilita.cz\/en\/wp-json\/wp\/v2\/media?parent=3652"}],"wp:term":[{"taxonomy":"post_tag","embeddable":true,"href":"https:\/\/www.forumelektromobilita.cz\/en\/wp-json\/wp\/v2\/tags?post=3652"}],"curies":[{"name":"wp","href":"https:\/\/api.w.org\/{rel}","templated":true}]}}

Kateřina Rázlová
