{"id":3648,"date":"2024-10-02T14:50:18","date_gmt":"2024-10-02T12:50:18","guid":{"rendered":"https:\/\/www.forumelektromobilita.cz\/?post_type=speaker&#038;p=3648"},"modified":"2024-08-06T22:02:54","modified_gmt":"2024-08-06T20:02:54","slug":"jiri-mueller","status":"publish","type":"speaker","link":"https:\/\/www.forumelektromobilita.cz\/en\/speaker\/jiri-mueller\/","title":{"rendered":"Ji\u0159\u00ed M\u00fcller"},"template":"","tags":[],"class_list":["post-3648","speaker","type-speaker","status-publish","hentry"],"_links":{"self":[{"href":"https:\/\/www.forumelektromobilita.cz\/en\/wp-json\/wp\/v2\/speaker\/3648","targetHints":{"allow":["GET"]}}],"collection":[{"href":"https:\/\/www.forumelektromobilita.cz\/en\/wp-json\/wp\/v2\/speaker"}],"about":[{"href":"https:\/\/www.forumelektromobilita.cz\/en\/wp-json\/wp\/v2\/types\/speaker"}],"version-history":[{"count":0,"href":"https:\/\/www.forumelektromobilita.cz\/en\/wp-json\/wp\/v2\/speaker\/3648\/revisions"}],"wp:attachment":[{"href":"https:\/\/www.forumelektromobilita.cz\/en\/wp-json\/wp\/v2\/media?parent=3648"}],"wp:term":[{"taxonomy":"post_tag","embeddable":true,"href":"https:\/\/www.forumelektromobilita.cz\/en\/wp-json\/wp\/v2\/tags?post=3648"}],"curies":[{"name":"wp","href":"https:\/\/api.w.org\/{rel}","templated":true}]}}

Jiří Müller
