{"id":3529,"date":"2024-10-01T11:43:26","date_gmt":"2024-10-01T09:43:26","guid":{"rendered":"https:\/\/www.forumelektromobilita.cz\/?post_type=speaker&#038;p=3529"},"modified":"2025-07-10T22:09:40","modified_gmt":"2025-07-10T20:09:40","slug":"jacob-kott","status":"publish","type":"speaker","link":"https:\/\/www.forumelektromobilita.cz\/en\/speaker\/jacob-kott\/","title":{"rendered":"Jan Z\u00e1poto\u010dn\u00fd"},"template":"","tags":[],"class_list":["post-3529","speaker","type-speaker","status-publish","hentry"],"_links":{"self":[{"href":"https:\/\/www.forumelektromobilita.cz\/en\/wp-json\/wp\/v2\/speaker\/3529","targetHints":{"allow":["GET"]}}],"collection":[{"href":"https:\/\/www.forumelektromobilita.cz\/en\/wp-json\/wp\/v2\/speaker"}],"about":[{"href":"https:\/\/www.forumelektromobilita.cz\/en\/wp-json\/wp\/v2\/types\/speaker"}],"version-history":[{"count":0,"href":"https:\/\/www.forumelektromobilita.cz\/en\/wp-json\/wp\/v2\/speaker\/3529\/revisions"}],"wp:attachment":[{"href":"https:\/\/www.forumelektromobilita.cz\/en\/wp-json\/wp\/v2\/media?parent=3529"}],"wp:term":[{"taxonomy":"post_tag","embeddable":true,"href":"https:\/\/www.forumelektromobilita.cz\/en\/wp-json\/wp\/v2\/tags?post=3529"}],"curies":[{"name":"wp","href":"https:\/\/api.w.org\/{rel}","templated":true}]}}

Jan Zápotočný
