{"id":3081,"date":"2024-10-02T09:40:54","date_gmt":"2024-10-02T07:40:54","guid":{"rendered":"https:\/\/www.forumelektromobilita.cz\/?post_type=speaker&#038;p=3081"},"modified":"2024-08-22T11:08:38","modified_gmt":"2024-08-22T09:08:38","slug":"jiri-malacek","status":"publish","type":"speaker","link":"https:\/\/www.forumelektromobilita.cz\/en\/speaker\/jiri-malacek\/","title":{"rendered":"Ji\u0159\u00ed Mal\u00e1\u010dek"},"template":"","tags":[],"class_list":["post-3081","speaker","type-speaker","status-publish","hentry"],"_links":{"self":[{"href":"https:\/\/www.forumelektromobilita.cz\/en\/wp-json\/wp\/v2\/speaker\/3081","targetHints":{"allow":["GET"]}}],"collection":[{"href":"https:\/\/www.forumelektromobilita.cz\/en\/wp-json\/wp\/v2\/speaker"}],"about":[{"href":"https:\/\/www.forumelektromobilita.cz\/en\/wp-json\/wp\/v2\/types\/speaker"}],"version-history":[{"count":0,"href":"https:\/\/www.forumelektromobilita.cz\/en\/wp-json\/wp\/v2\/speaker\/3081\/revisions"}],"wp:attachment":[{"href":"https:\/\/www.forumelektromobilita.cz\/en\/wp-json\/wp\/v2\/media?parent=3081"}],"wp:term":[{"taxonomy":"post_tag","embeddable":true,"href":"https:\/\/www.forumelektromobilita.cz\/en\/wp-json\/wp\/v2\/tags?post=3081"}],"curies":[{"name":"wp","href":"https:\/\/api.w.org\/{rel}","templated":true}]}}

Jiří Maláček
